08.
2, 3, 691
List the prime factors of 12805168.
2, 211, 3793
List the prime factors of 5650614.
2, 3, 269, 389
What are the prime factors of 2764941?
3, 921647
List the prime factors of 289794.
2, 3, 48299
List the prime factors of 28877663.
19, 263, 5779
What are the prime factors of 1320118?
2, 17, 41, 947
What are the prime factors of 339611?
479, 709
What are the prime factors of 220317?
3, 23, 31, 103
What are the prime factors of 119583?
3, 43, 103
What are the prime factors of 17083085?
5, 37, 107, 863
What are the prime factors of 758297?
193, 3929
What are the prime factors of 15086342?
2, 19, 47, 8447
What are the prime factors of 1731374?
2, 865687
List the prime factors of 143996.
2, 35999
What are the prime factors of 2902694?
2, 1451347
What are the prime factors of 3805?
5, 761
List the prime factors of 160486.
2, 29, 2767
What are the prime factors of 1218877?
11, 110807
List the prime factors of 965895.
3, 5, 7, 9199
What are the prime factors of 149007?
3, 49669
List the prime factors of 106902.
2, 3, 5939
List the prime factors of 8219385.
3, 5, 182653
What are the prime factors of 1598653?
7, 137, 1667
What are the prime factors of 5518374?
2, 3, 919729
List the prime factors of 1797283.
53, 33911
List the prime factors of 746573.
31, 24083
What are the prime factors of 3548597?
13, 17, 16057
What are the prime factors of 4458170?
2, 5, 29, 15373
What are the prime factors of 235890?
2, 3, 5, 2621
What are the prime factors of 7802746?
2, 7, 557339
What are the prime factors of 8131334?
2, 4065667
What are the prime factors of 25016657?
859, 29123
List the prime factors of 9626440.
2, 5, 59, 4079
List the prime factors of 1503794.
2, 83, 9059
What are the prime factors of 4155151?
7, 11, 13, 593
What are the prime factors of 210472?
2, 26309
List the prime factors of 4938281.
4938281
List the prime factors of 1562552.
2, 195319
What are the prime factors of 3564784?
2, 222799
List the prime factors of 314620.
2, 5, 15731
What are the prime factors of 519132?
2, 3, 43261
What are the prime factors of 3328692?
2, 3, 241, 1151
List the prime factors of 7141242.
2, 3, 59, 20173
What are the prime factors of 351208?
2, 11, 13, 307
List the prime factors of 1942180.
2, 5, 19, 269
List the prime factors of 2237870.
2, 5, 59, 3793
What are the prime factors of 10574869?
10574869
List the prime factors of 190598.
2, 157, 607
List the prime factors of 1199329.
1199329
List the prime factors of 183648.
2, 3, 1913
List the prime factors of 2184.
2, 3, 7, 13
List the prime factors of 2185890.
2, 3, 5, 7, 1487
List the prime factors of 1395672.
2, 3, 58153
List the prime factors of 731821.
731821
List the prime factors of 1821163.
23, 79181
List the prime factors of 1864161.
3, 13, 47, 113
List the prime factors of 11781361.
11781361
What are the prime factors of 17306647?
59, 197, 1489
What are the prime factors of 6700193?
17, 394129
What are the prime factors of 188666?
2, 17, 31, 179
List the prime factors of 18039753.
3, 222713
List the prime factors of 3806741.
3806741
List the prime factors of 302830.
2, 5, 11, 2753
List the prime factors of 3977239.
7, 568177
What are the prime factors of 240226?
2, 7, 17159
What are the prime factors of 2825667?
3, 13, 24151
What are the prime factors of 6563976?
2, 3, 29, 9431
What are the prime factors of 4833167?
4833167
What are the prime factors of 7038411?
3, 2346137
List the prime factors of 13256515.
5, 17, 263, 593
What are the prime factors of 140684?
2, 35171
List the prime factors of 103358.
2, 51679
What are the prime factors of 575022?
2, 3, 7, 13691
List the prime factors of 4144287.
3, 7, 197347
What are the prime factors of 669452?
2, 7, 23909
What are the prime factors of 511816?
2, 63977
List the prime factors of 148127.
7, 3023
List the prime factors of 231199.
41, 5639
What are the prime factors of 11532476?
2, 23, 125353
What are the prime factors of 82620?
2, 3, 5, 17
What are the prime factors of 268911?
3, 29879
List the prime factors of 22744879.
1181, 19259
What are the prime factors of 4498432?
2, 23, 191
What are the prime factors of 9971032?
2, 1246379
What are the prime factors of 825433?
7, 37, 3187
What are the prime factors of 183067?
183067
List the prime factors of 6359710.
2, 5, 7, 12979
List the prime factors of 10872615.
3, 5, 13, 4289
List the prime factors of 262334.
2, 29, 4523
What are the prime factors of 1156051?
13, 17, 5231
List the prime factors of 15029232.
2, 3, 313109
What are the prime factors of 399079?
399079
List the prime factors of 7070601.
3, 2356867
What are the prime factors of 145325?
5, 5813
What are the prime factors of 92594?
2, 67, 691
List the prime factors of 17428007.
17428007
What are the prime factors of 306141?
3, 11, 9277
What are the prime factors of 273156?
2, 3, 13, 17, 103
What are the prime factors of 137991?
3, 7, 6571
List the prime factors of 224283.
3, 74761
List the prime factors of 3761516.
2, 11, 53, 1613
What are the prime factors of 334592?
2, 1307
What are the prime factors of 913853?
913853
List the prime factors of 640354.
2, 11, 13, 2239
What are the prime factors of 2047929?
3, 13, 52511
What are the prime factors of 10744093?
10744093
What are the prime factors of 701419?
701419
What are the prime factors of 579355?
5, 7, 16553
What are the prime factors of 551085?
3, 5, 36739
What are the prime factors of 429764?
2, 107441
List the prime factors of 1107165.
3, 5, 31, 2381
What are the prime factors of 6661629?
3, 13, 18979
What are the prime factors of 988330?
2, 5, 7, 2017
What are the prime factors of 2859247?
17, 79, 2129
List the prime factors of 1909547.
1279, 1493
List the prime factors of 241345.
5, 13, 47, 79
What are the prime factors of 210065?
5, 42013
List the prime factors of 1996161.
3, 665387
What are the prime factors of 18487221?
3, 157, 39251
List the prime factors of 3600852.
2, 3, 101, 2971
What are the prime factors of 8742065?
5, 421, 4153
What are the prime factors of 642169?
11, 58379
List the prime factors of 114382.
2, 57191
List the prime factors of 870088.
2, 108761
What are the prime factors of 10560164?
2, 2640041
List the prime factors of 84145.
5, 16829
List the prime factors of 652612.
2, 19, 31, 277
List the prime factors of 827843.
827843
List the prime factors of 2152176.
2, 3, 13, 3449
List the prime factors of 172330.
2, 5, 19, 907
List the prime factors of 178308.
2, 3, 13, 127
List the prime factors of 346248.
2, 3, 7, 229
List the prime factors of 20247940.
2, 5, 1012397
List the prime factors of 628534.
2, 314267
List the prime factors of 280339.
280339
List the prime factors of 936467.
7, 133781
List the prime factors of 81805.
5, 16361
List the prime factors of 11374139.
7, 17, 95581
What are the prime factors of 5480174?
2, 7, 391441
List the prime factors of 1493441.
1493441
List the prime factors of 1681769.
479, 3511
List the prime factors of 16417532.
2, 137, 29959
List the prime factors of 1001402.
2, 17, 29453
List the prime factors of 2384106.
2, 3, 397351
What are the prime factors of 1639858?
2, 11, 131, 569
What are the prime factors of 11076270?
2, 3, 5, 193, 1913
What are the prime factors of 366468?
2, 3, 30539
List the prime factors of 15996578.
2, 13, 615253
List the prime factors of 1409190.
2, 3, 5, 107, 439
What are the prime factors of 1348294?
2, 523, 1289
What are the prime factors of 509621?
7, 47, 1549
What are the prime factors of 643155?
3, 5, 53, 809
What are the prime factors of 4016402?
2, 13, 179, 863
What are the prime factors of 503562?
2, 3, 23, 41, 89
What are the prime factors of 351888?
2, 3, 7331
List the prime factors of 198169.
17, 11657
List the prime factors of 5256280.
2, 5, 331, 397
List the prime factors of 4161282.
2, 3, 43, 127
What are the prime factors of 34556355?
3, 5, 255973
List the prime factors of 103423.
103423
List the prime factors of 982384.
2, 13, 4723
List the prime factors of 3684307.
11, 307, 1091
List the prime factors of 5550285.
3, 5, 13, 28463
List the prime factors of 3413251.
3413251
What are the prime factors of 107333?
181, 593
List the prime factors of 24671041.
227, 251, 433
List the prime factors of 26241594.
2, 3, 877, 4987
What are the prime factors of 17971746?
2, 3, 13, 113, 203